71
What is 65 (base 7) in base 14?
35
What is 2e (base 15) in base 16?
2c
-2 (base 5) to base 2
-10
What is -9 (base 15) in base 16?
-9
What is 5 (base 14) in base 3?
12
Convert -ca (base 15) to base 3.
-21001
What is 1 (base 14) in base 6?
1
Convert -100 (base 4) to base 12.
-14
What is b (base 16) in base 4?
23
375 (base 9) to base 15
15b
Convert -1 (base 8) to base 13.
-1
Convert -b (base 15) to base 8.
-13
What is 5 (base 7) in base 10?
5
Convert 1 (base 12) to base 6.
1
1012 (base 4) to base 5
240
11 (base 6) to base 15
7
What is -b (base 15) in base 6?
-15
What is 19 (base 14) in base 15?
18
What is 106 (base 9) in base 3?
10020
15 (base 12) to base 7
23
3 (base 6) to base 10
3
What is -1 (base 16) in base 4?
-1
What is 3 (base 6) in base 2?
11
Convert 4 (base 7) to base 12.
4
-2b (base 12) to base 9
-38
What is 11 (base 4) in base 15?
5
Convert 5 (base 13) to base 16.
5
3 (base 10) to base 14
3
1 (base 12) to base 6
1
-8 (base 12) to base 14
-8
-1 (base 2) to base 16
-1
Convert 5 (base 15) to base 5.
10
What is -2114 (base 5) in base 6?
-1152
What is -1 (base 13) in base 7?
-1
What is -3 (base 13) in base 6?
-3
Convert -129 (base 11) to base 3.
-12122
What is -146 (base 9) in base 2?
-1111011
Convert -34 (base 15) to base 8.
-61
4 (base 13) to base 6
4
Convert 3 (base 9) to base 3.
10
0 (base 3) to base 15
0
Convert -1221 (base 5) to base 4.
-2322
What is 1 (base 4) in base 13?
1
1011 (base 2) to base 16
b
Convert 14 (base 9) to base 14.
d
4 (base 6) to base 14
4
Convert -b4 (base 13) to base 6.
-403
What is -5 (base 12) in base 9?
-5
What is -43 (base 14) in base 11?
-54
Convert 423 (base 8) to base 2.
100010011
Convert -41 (base 14) to base 8.
-71
What is 1 (base 13) in base 4?
1
-112 (base 4) to base 11
-20
-550 (base 7) to base 3
-101101
-1 (base 4) to base 14
-1
What is 5a (base 12) in base 5?
240
What is -4a (base 14) in base 4?
-1002
What is -95 (base 16) in base 3?
-12112
Convert -9 (base 15) to base 6.
-13
What is -234 (base 5) in base 14?
-4d
What is 35 (base 15) in base 10?
50
ac (base 16) to base 3
20101
What is 2 (base 7) in base 2?
10
-1 (base 6) to base 11
-1
Convert -11101 (base 2) to base 14.
-21
Convert 74 (base 14) to base 16.
66
Convert -a (base 13) to base 5.
-20
18 (base 16) to base 3
220
Convert -9 (base 12) to base 6.
-13
Convert a (base 14) to base 6.
14
-36 (base 13) to base 10
-45
Convert -1 (base 5) to base 7.
-1
240 (base 7) to base 13
99
What is 6e (base 15) in base 8?
150
Convert 1a2 (base 13) to base 9.
364
11 (base 2) to base 16
3
What is 1a0 (base 12) in base 16?
108
Convert -2 (base 11) to base 5.
-2
Convert -20 (base 6) to base 13.
-c
What is 30 (base 5) in base 10?
15
What is -20022 (base 3) in base 5?
-1140
-1001010 (base 2) to base 13
-59
Convert -17 (base 15) to base 6.
-34
Convert 121 (base 5) to base 12.
30
3 (base 4) to base 13
3
What is -11 (base 2) in base 13?
-3
Convert 1201 (base 3) to base 8.
56
Convert 3 (base 10) to base 13.
3
What is 1 (base 12) in base 7?
1
Convert -2 (base 16) to base 6.
-2
Convert -2 (base 13) to base 4.
-2
What is 1211 (base 3) in base 11?
45
Convert 7d (base 14) to base 6.
303
What is -10 (base 8) in base 16?
-8
98 (base 16) to base 10
152
Convert -2a (base 12) to base 9.
-37
1 (base 10) to base 16
1
What is -100 (base 2) in base 6?
-4
11 (base 9) to base 15
a
12d (base 14) to base 5
1422
What is -133 (base 6) in base 10?
-57
-19 (base 12) to base 10
-21
What is 5 (base 13) in base 6?
5
What is 1 (base 5) in base 16?
1
3 (base 12) to base 4
3
Convert 0 (base 4) to base 14.
0
-15 (base 8) to base 15
-d
-72 (base 9) to base 12
-55
What is 1b (base 14) in base 5?
100
-17 (base 16) to base 10
-23
Convert 1 (base 11) to base 15.
1
What is -20 (base 7) in base 15?
-e
310 (base 4) to base 16
34
-15 (base 9) to base 15
-e
-1 (base 13) to base 6
-1
What is 0 (base 10) in base 7?
0
Convert 1200 (base 3) to base 8.
55
1 (base 13) to base 4
1
Convert 35 (base 11) to base 3.
1102
Convert 100101 (base 2) to base 15.
27
Convert -157 (base 13) to base 10.
-241
60 (base 15) to base 14
66
Convert -346 (base 9) to base 5.
-2120
What is 100011 (base 2) in base 11?
32
What is 4 (base 5) in base 13?
4
What is 1022 (base 4) in base 9?
82
Convert -2 (base 15) to base 5.
-2
19 (base 13) to base 4
112
3 (base 14) to base 2
11
Convert 10 (base 9) to base 4.
21
Convert -a (base 16) to base 13.
-a
27 (base 13) to base 10
33
What is 200 (base 6) in base 16?
48
What is 7d (base 14) in base 16?
6f
Convert 2 (base 5) to base 3.
2
Convert 42 (base 14) to base 8.
72
Convert 3 (base 9) to base 15.
3
8 (base 14) to base 4
20
Convert 26 (base 16) to base 3.
1102
What is 5 (base 11) in base 15?
5
-11 (base 5) to base 4
-12
-3b (base 15) to base 10
-56
-41 (base 15) to base 14
-45
What is -21 (base 12) in base 8?
-31
What is -71 (base 8) in base 15?
-3c
Convert -3 (base 16) to base 5.
-3
-10 (base 7) to base 14
-7
Convert 0 (base 8) to base 3.
0
What is -8 (base 11) in base 9?
-8
What is 305 (base 8) in base 3?
21022
What is 213 (base 5) in base 16?
3a
What is 6 (base 11) in base 2?
110
2 (base 8) to base 7
2
Convert -3 (base 8) to base 14.
-3
-22 (base 3) to base 12
-8
What is -3 (base 14) in base 2?
-11
Convert 8 (base 9) to base 10.
8
Convert 24 (base 16) to base 2.
100100
What is 2011 (base 3) in base 13?
46
-11 (base 10) to base 3
-102
3 (base 13) to base 15
3
Convert -aa (base 12) to base 10.
-130
-1 (base 4) to base 10
-1
5 (base 9) to base 11
5
Convert 4 (base 6) to base 10.
4
What is 1 (base 4) in base 3?
1
-34 (base 12) to base 4
-220
Convert 110 (base 2) to base 16.
6
What is -33 (base 5) in base 11?
-17
110 (base 2) to base 11
6
-11 (base 8) to base 13
-9
2 (base 12) to base 5
2
0 (base 12) to base 7
0
Convert 4 (base 8) to base 16.
4
116 (base 13) to base 4
2330
What is -6 (base 15) in base 10?
-6
What is -97 (base 11) in base 5?
-411
Convert 1 (base 15) to base 2.
1
What is -2 (base 13) in base 10?
-2
4 (base 11) to base 4
10
3 (base 13) to base 5
3
135 (base 9) to base 7
221
What is 10021 (base 3) in base 15?
5d
11 (base 3) to base 5
4
Convert 1 (base 9) to base 4.
1
What is -16 (base 8) in base 15?
-e
5 (base 15) to base 16
5
Convert 1 (base 8) to base 11.
1
What is 34 (base 7) in base 4?
121
3 (base 5) to base 13
3
-2 (base 6) to base 8
-2
What is -101 (base 2) in base 10?
-5
-6b (base 16) to base 11
-98
Convert 10000 (base 3) to base 16.
51
What is -1 (base 4) in base 9?
-1
What is -2 (base 7) in base 3?
-2
13b (base 13) to base 15
e9
Convert 110 (base 3) to base 4.
30
-54 (base 13) to base 8
-105
-134 (base 5) to base 9
-48
Convert -357 (base 8) to base 7.
-461
What is 1 (base 5) in base 11?
1
-26 (base 11) to base 8
-34
-2 (base 7) to base 13
-2
What is 101 (base 7) in base 5?
200
Convert 3 (base 13) to base 3.
10
What is -12 (base 12) in base 9?
-15
What is -111110 (base 2) in base 13?
-4a
What is 3 (base 11) in base 14?
3
What is -48 (base 13) in base 15?
-40
Convert 2 (base 4) to base 5.
2
223 (base 5) to base 15
43
What is -1011101 (base 2) in base 13?
-72
What is -54 (base 8) in base 9?
-48
-152 (base 13) to base 11
-1a5
Convert 101 (base 2) to base 8.
5
Convert 110 (base 3) to base 9.
13
Convert -11 (base 3) to base 5.
-4
What is 2122 (base 3) in base 7?
131
1 (base 13) to base 2
1
What is 11 (base 13) in base 11?
13
-21 (base 3) to base 14
-7
What is 1 (base 14) in base 8?
1
Convert -1 (base 15) to base 7.
-1
7 (base 10) to base 4
13
0 (base 5) to base 14
0
-11101 (base 2) to base 3
-1002
Convert 2320 (base 4) to base 12.
134
-4 (base 7) to base 8
-4
What is 1222 (base 6) in base 11?
255
Convert 17 (base 14) to base 5.
41
-2 (base 7) to base 9
-2
-11 (base 2) to base 10
-3
-1 (base 6) to base 14
-1
Convert b (base 13) to base 3.
102
What is -11 (base 7) in base 6?
-12
Convert -105 (base 6) to base 15.
-2b
-33 (base 9) to base 12
-26
Convert 10 (base 7) to base 8.
7
Convert 2 (base 4) to base 9.
2
233 (base 13) to base 16
17c
Convert b7 (base 15) to base 3.
20101
What is -12020 (base 3) in base 6?
-353
Convert -66 (base 15) to base 6.
-240
What is b1 (base 16) in base 5?
1202
5 (base 10) to base 3
12
3 (base 15) to base 16
3
22 (base 13) to base 10
28
-151 (base 6) to base 4
-1003
What is 14 (base 12) in base 11?
15
4 (base 8) to base 6
4
What is -42 (base 13) in base 10?
-